r) = -21*r - 4 + 0 - 6 + 1 + 8. Determine o(-1).
20
Suppose -s - 12 = -70. Let i = s + -60. Let w(l) = -l**2 - 2*l - 2. What is w(i)?
-2
Suppose -2*n = 8*a - 3*a + 7, 0 = 3*n + 4*a. Suppose -n*g - 52 = 12. Let b be (g/(-6))/(22/33). Let d(y) = 3*y - 2. Calculate d(b).
10
Let o(d) be the first derivative of 3*d**2/2 - 2*d + 113. Calculate o(-3).
-11
Let d(y) = -y - 4*y + 4*y - 1. Let f(q) = -3*q. Let r(z) = -2*d(z) + f(z). Determine r(6).
-4
Let s(c) = c**2 + 3*c + 3. Let x(d) = 5*d - 7. Let a be x(1). What is s(a)?
1
Let x = -7 + 6. Let r(l) be the second derivative of l**4/6 - 30*l. Give r(x).
2
Let h(m) = -m**3 - 7*m**2 - 8*m - 7. Let d be h(-6). Let b(p) = -p - 7. Let n be b(-7). Suppose n*r + d = r. Let k(u) = u**3 - 5*u**2 - 2*u + 2. Calculate k(r).
-8
Let r(d) = -1 + 6*d - 1 - 2*d**2 - 60*d**3 + 59*d**3 + 4. Suppose 0 = -0*x - 4*x - 16. Give r(x).
10
Suppose 0 = -13*w + 14*w - 2. Let m(y) = -5*y**2 - 20 - 20 + 43 + 2*y + w*y**2 + y**3. What is m(3)?
9
Let a(p) be the first derivative of p**2/2 + 2*p - 258. What is a(4)?
6
Let z(j) be the second derivative of -j**3/6 + 11*j**2/2 - 26*j. What is z(13)?
-2
Let p(b) = 92083*b - 92078*b - 47 + 5. Calculate p(7).
-7
Let l = -533 + 536. Let j(d) = -d**3 + 3*d**2 - d + 1. Give j(l).
-2
Let f(p) = -p**3 + 5*p**2 + 6*p + 6. Let q = -28 + 0. Let g = q + 34. Determine f(g).
6
Suppose -5*f + 22 = -3*y, 13*y + 18 = 4*f + 11*y. Let o(w) = 2*w**2 - 13*w + 9. Determine o(f).
-6
Let z(h) = -26*h - 2. Let f(s) = 16*s + 1. Let d(t) = -5*f(t) - 3*z(t). Give d(-9).
19
Let w(h) be the first derivative of h**2/2 + 3*h + 26. Calculate w(-2).
1
Let n(f) = 5*f - 2. Let y(l) be the first derivative of l**2/2 + 12*l + 4. Let i(g) = -g**3 + 18*g**2 - 18*g + 7. Let c be i(17). Let h be y(c). Determine n(h).
8
Suppose 0 = 4*f + m + 1, 2*f + 4*m = 10 - 0. Let q(b) = 10*b - 3. Let n(w) = -3*w + 1. Let k(z) = 7*n(z) + 2*q(z). Determine k(f).
2
Suppose 0 = -531*v + 505*v - 156. Let q(r) = -11*r - 12. What is q(v)?
54
Let t(a) = 97*a - 205. Let z be t(2). Let d(l) = l**3 + 11*l**2 + 4*l + 38. Calculate d(z).
-6
Let w(z) = -z - 8. Let t(q) = -6. Let v(l) = 3*t(l) - 2*w(l). Let n(d) = -d + 1. Let h(f) = -7*n(f) - 4*v(f). What is h(7)?
-6
Let q = -21 - -26. Let b(v) = v**2 - 2*v**2 - 3 - q*v + v**3 - 3*v**2 - v**2. Give b(6).
3
Let y = -123 + 128. Let n(v) = 2*v**2 - 6*v - 7. What is n(y)?
13
Suppose 0 = 3*k - 3*v + 3, 5*k = 3*k - 5*v - 37. Let q(g) be the second derivative of 0 + 3/2*g**2 + g**3 + 7/12*g**4 + 1/20*g**5 - 14*g. Give q(k).
3
Let a(v) = -2*v - 8. Let j be a(-5). Let b(c) be the second derivative of c**3/3 - c**2 + 9*c. What is b(j)?
2
Let p(z) be the second derivative of -z**4/12 - 4*z**3/3 + 7*z**2 + 62*z. What is p(-10)?
-6
Let h(l) = 4*l - 10. Let u be h(3). Let v(w) = -7*w - 1. Let i(t) = 3*t + 1. Let c(m) = u*v(m) + 5*i(m). What is c(-4)?
-1
Suppose a + 4 = 0, -5*m - 3*a + 23 + 45 = 0. Let b(j) = -j + 20. Determine b(m).
4
Let y(x) = 5*x**2 + x + 2. Let z(m) = m**2 + m + 1. Let q(o) = -y(o) + 4*z(o). Suppose -j + 105 = 2*j. Suppose -4*r = -j + 15. Calculate q(r).
-8
Let x(p) = 4*p - 4. Let b be 0 + 4 - 4/1. What is x(b)?
-4
Let h(j) = 2*j + 28. Let d be h(-13). Let n(p) = -2*p + 0 - 175*p**d - 4 + 176*p**2. Let o(x) = x**2 - x + 3. Let k be o(0). Give n(k).
-1
Suppose -4*h - 4*p + 14 = -9*h, 4*p = -16. Let o(a) = -a**3 - 5*a**2 - 8. What is o(h)?
28
Let l(t) = 2*t**2 - 8*t + 10. Let u be l(4). Suppose -u*v = -11*v + 3. Let d(q) = q + 4. Determine d(v).
7
Suppose 2*f - n - 10 = 0, -f = -0*f - n - 6. Let b(r) be the third derivative of r**2 - 1/12*r**4 + 0 + 5/6*r**3 + 0*r. Determine b(f).
-3
Let w(r) = -27*r**2 + 21*r - 1. Let m(i) = 0*i - 2*i**2 - 4*i + 7*i**2. Let l(y) = 11*m(y) + 2*w(y). Let b be (12/9)/(1/3). What is l(b)?
6
Suppose -18*m + 6 = -24*m. Let t(v) = -9*v**2 - v - 1. Give t(m).
-9
Let b(q) = -4*q**2 + 8*q - 1. Let l(p) = -9*p**2 + 14*p - 2. Let t(g) = -5*b(g) + 3*l(g). Let d(c) = c + 4. Let i be d(-2). Calculate t(i).
-25
Let d(c) = c**3 - 2*c**2 - 3*c. Let k(o) = o**3 - 4*o**2 - 2*o - 12. Let q = 16 + -12. Suppose -w + q*w - r = 19, 24 = 4*w - r. Let f be k(w). Give d(f).
0
Let k(s) = 6 - 1 - 287*s - s**2 + 284*s. What is k(-4)?
1
Let n(g) = g**3 - 10*g**2 - 12*g + 13. Let y be n(11). Let x(z) = 4*z - 4 - 2*z - 8 + y. Give x(8).
6
Let x = 9 - 2. Let v = x - 3. Suppose -6*r + v*r + 10 = 0. Let b(w) = -w**2 + 3*w. Determine b(r).
-10
Let y be -5*156/210 - 4/14. Let t(u) be the first derivative of u**4/4 + 5*u**3/3 + 3*u**2 + 5*u + 1. What is t(y)?
-3
Let g(h) = 13*h**3 + h**2 + 2*h + 14. Let p(u) = 24*u**3 + 4*u**2 + 6*u + 28. Let w(t) = 11*g(t) - 6*p(t). Calculate w(-12).
10
Let p(i) be the third derivative of i**5/60 - i**4/6 + i**3/6 + 2*i**2 + 3*i. Give p(2).
-3
Let c be (2 - -19 - -2)/1. Let t be c/3 + 1/3. Let m(o) = o**3 - 9*o**2 + 10*o - 10. Give m(t).
6
Let a = -8 + 14. Let z(t) = -2*t**2 + 3767 + 8*t + t**2 - 3775. Calculate z(a).
4
Let z(a) be the third derivative of -a**5/60 - a**4/6 + 11*a**3/6 - 544*a**2. Calculate z(-6).
-1
Let s(x) = x**3 - 5*x**2 + 2*x + 3. Let h(u) = -u**2 - 5*u + 10. Let k be (2/5)/(4/(-140)). Let b be (8 - 1)*12/k. Let o be h(b). Give s(o).
-5
Let z(p) = p**2 + 10*p + 6. Let a be (-33)/(-1 - (-5)/2). Let h be (33/a)/(1/6). Let m be z(h). Let l(b) = -b + 1. Determine l(m).
4
Suppose 0 = 4*b + y + 28, y = -5*b + 6*y - 60. Let x = b - -11. Suppose -4*k = -3*t - 16, -2*t - 4*k - x = k. Let f(v) = -2*v**2 - 5*v + 1. What is f(t)?
-11
Let d(k) be the second derivative of 1/6*k**3 + k**2 + 0 + 2*k. Let s(t) = t**3 + 11*t**2 + 30*t + 3. Let u be s(-6). Give d(u).
5
Suppose 3*h - 2*h - 2 = 0. Let n(g) = -h*g + 8*g - 5 + g**2 + 0*g. Give n(-4).
-13
Suppose 16*b = 11*b + 20. Let p(q) = 2*q**2 + 0*q**2 - 3 + 0*q**2 + 2*q - 3*q**2. Calculate p(b).
-11
Let g = 12 + -6. Let y(k) = -7*k**2 - 5*k + 5. Let d(s) = -s**2 + s + 5*s - 10*s + 3*s - 1. Let l(j) = g*d(j) - y(j). Calculate l(0).
-11
Let q(v) be the first derivative of 2*v + 5/12*v**4 - 1/20*v**5 + 3/2*v**2 + v**3 + 1. Let k(m) be the first derivative of q(m). Give k(6).
3
Let v(f) = -f + 8. Suppose 19*w - 391 = -163. What is v(w)?
-4
Let s be (-5 - 4)*(-3 - 2). Let k be 2/8 + s/12. Suppose 3*g = -k*p - 14, 3*g - 11 = p - 30. Let d(c) = -2*c - 7. Give d(g).
5
Suppose -2*f - n = 3, -7 = -4*f - 3*n - 8. Let h(d) = 0 + d**2 + d - 5 + 3. What is h(f)?
10
Let n = 5 - 0. Suppose w = -r + 3, 2*r - 21 = -n*w - 0*w. Let i(m) = m**3 + 129 - 6*m**2 - 125 + 3*m + 0*m. What is i(w)?
-6
Let i(x) be the first derivative of -x**2 + 8*x + 25. Determine i(6).
-4
Suppose -12 = -6*y + 9*y, 13 = -5*h + 3*y. Let n(j) = -j**2 - 3*j + 1. Determine n(h).
-9
Let u(h) = -10*h + 11 + h - 7*h + 18*h. Determine u(-10).
-9
Suppose 45*n = -223 - 47. Let x(q) = q**3 + 6*q**2 - 10*q - 9. Determine x(n).
51
Let c(r) = 11*r - 27. Let o(q) = -23*q + 55. Let f(b) = -13*c(b) - 6*o(b). Give f(3).
6
Let u(y) = y**3 + y**2 - 1. Let j(w) = -7*w**3 + 4*w**2 - 10*w**2 + 13 + 3*w**3 - 7*w**2. Let c(q) = -j(q) - 5*u(q). Give c(8).
-8
Let w(u) be the first derivative of -u**4/4 + 5*u**3/3 + u**2/2 - 5*u + 1. Let v be (((-24)/5)/(-2))/(6/(-260)). Let h = v + 109. Give w(h).
0
Let y be -2*(-3)/((-24)/(-20)). Suppose g - y*g = -12. Let j(o) = 5 - 2 + 2*o**2 - 4*o + 0*o**3 - o**g. Calculate j(2).
-5
Let c(a) = -11*a - 2. Let r(u) = -37*u - 7. Let v(l) = -22*c(l) + 6*r(l). What is v(-1)?
-18
Let r(g) = 11*g - 107. Let j(s) = -10*s + 126. Let o(m) = -3*j(m) - 4*r(m). What is o(4)?
-6
Let s(b) = -b**2 + b + 2. Suppose -4*o - 5*j = -6, -o - 5 + 3 = 3*j. What is s(o)?
-10
Let k be 18/1*2/3. Let v = k - 10. Suppose -v*m = 5*a + 35, -4*a - 2*m - 24 = 6. Let b(u) = -u**3 - 5*u**2 + 2*u + 2. Calculate b(a).
-8
Let t = -21 - -16. Let z(o) = 4 + 11*o + 12*o - 3 - 21*o. Give z(t).
-9
Let q(u) be the first derivative of -1/3*u**3 + 4*u**2 + 42 + 5*u. Give q(7).
12
Suppose 4*a + 12 = -i - i, -3*i - 4*a = 8. Suppose -i*r + 16 = -0*h + 5*h, -2*h + 3 = 5*r. Let t be (-52)/(-12) + h/6. Let z(j) = j - 10. Calculate z(t).
-5
Suppose -o - 6 = -18. Let m be 3*(2 - 8/o). Let w(a) = -a**2 + 6*a - 6. What is w(m)?
2
Let t(y) = -y**3 - y - 3. Suppose 4*j + l = 5*l, 5*j - 21 = -2*l. Determine t(j).
-33
Let a(n) be the second derivative of n**5/20 + 5*n**4/12 - n**2 + n. Let t be a(-5). Let